) = 56*y**2 + 3*y - 2. Let t(n) = 63*n. Let x be t(1). Let v = -62 + x. What is the remainder when d(v) is divided by 15?
12
Suppose -2853*w + 2782*w + 154141 = 0. What is the remainder when w is divided by 114?
5
Suppose 13*s - 14*s = 152*s - 320841. Calculate the remainder when s is divided by 124.
113
Let x(u) = u**2 + 8*u - 4. Let b be x(6). Let y(c) = 66*c**2 + c. Let z be y(1). Let a = b - z. What is the remainder when a is divided by 6?
1
Let n(i) = -4*i**3 - 5*i**2 + 2*i + 4. Let b be n(-5). Let h(k) = 37*k - 5417. What is the remainder when 3/(-3 + b/120) is divided by h(147)?
18
Suppose 411*a = 418*a + 7. Calculate the remainder when 92 is divided by (-30)/12 - a/(-2) - -23.
12
Suppose p + d + 48 - 65 = 0, 3*p - 5*d = 83. Calculate the remainder when 726/5 + 3/(-15) is divided by p.
19
Let i(d) = 9*d - 93. Let g be i(17). Let b be -1 - ((-4)/30 + 8/g). Calculate the remainder when b - -114 - (-12 + 16) is divided by 16.
13
Let l = 503 - 555. What is the remainder when -2*6/3 - l is divided by 6?
0
Let x = 11151 + -4809. Calculate the remainder when x is divided by 104.
102
Let s(u) = 29*u**2 + u + 3. Calculate the remainder when 1648/6 - (50/30)/(-5) is divided by s(-1).
27
Suppose 3*a + 9 = 33. Suppose -a*h - 76 = -12*h. Suppose -3*s + 4*s = h. Calculate the remainder when s is divided by 4.
3
Let l(q) = -3*q**2 - 173*q + 155. What is the remainder when 401 is divided by l(-58)?
13
Let i(p) = -2*p**2 - 3*p - 8. Let l be i(-2). Let b = 77 - 74. Calculate the remainder when 5 + 2/(l/(-25)) is divided by b.
1
Let q(o) be the first derivative of o**4/4 - 3*o**3 + 9*o**2 - 17*o + 58. What is the remainder when 35 is divided by q(7)?
2
Let h(l) = l**2 - 3*l + 75. Calculate the remainder when h(9) is divided by 13.
12
Let m(t) = t**3 - 44*t**2 + 366*t - 42. Let d = 77 + -31. Let z = 68 - d. Calculate the remainder when m(33) is divided by z.
13
Suppose -437 = -31*j + 12*j. Let m(i) = -11*i - 94. What is the remainder when m(-21) is divided by j?
22
Let v = 69 - 58. Let w be -5 - (2/v - (-6)/(-33)). Calculate the remainder when w/(-10)*-1*-78 is divided by 20.
19
Let z be -6*(10/4 + -3). Suppose z*k - 4*n - 29 = 0, 5*k - 3*k - 26 = n. Let r = 511 - 455. Calculate the remainder when r is divided by k.
11
Calculate the remainder when 4406 is divided by (195/(-60)*1)/(47/12 - 4).
38
Let l(a) = a**3 - 6*a**2 + 5*a + 7. Let y be l(5). Calculate the remainder when ((-4)/(-10))/(3/1575*y) is divided by (-2)/(-7) + ((-52)/14)/(-1).
2
Let h(a) = -a**3 - 6*a**2 + 14*a - 6. Let m(q) = -2*q**2 - 25*q - 25. Calculate the remainder when m(-9) is divided by h(-8).
8
Let i = 49 - 26. Suppose -127*r + 4460 = 449 - 1831. Calculate the remainder when r is divided by i.
0
Let z be ((-3161)/29)/(0 + -1). Let f = 285 - z. Calculate the remainder when f is divided by 60.
56
Let i = -1990 - -2095. What is the remainder when 212 is divided by i?
2
Let z(g) = g**2 + 2*g - 5. Let a = 8 + 49. Calculate the remainder when a is divided by z(2).
0
Let a(j) = -j**3 + j**2 + 4*j + 39. Let o be a(0). Calculate the remainder when 570 is divided by (o/6)/((-14)/(-112)).
50
Let d = -5385 - -5452. Suppose -p + 3*h = -170, -11*p + 9*p + 333 = h. What is the remainder when p is divided by d?
33
Suppose -6 = 3*a, 0*a - 228 = -m + 2*a. Calculate the remainder when 50 is divided by ((m + 0)/(-7))/(-2).
2
Let v(w) = 18*w**2 + 134*w + 92. Let n = 2 + -4. Calculate the remainder when 1/n*(-215 - -5) is divided by v(-7).
33
Let p = 2 + -13. Let d = 1 - p. Suppose 118*b + 33*b - 2149 = 1022. Calculate the remainder when b is divided by d.
9
Let n = -102 + 165. Suppose -5*v = -5*z + 55, -5010*z - 3*v - 59 = -5015*z. Calculate the remainder when n is divided by z.
11
Suppose -3933 + 3576 = -51*s. Calculate the remainder when 891 is divided by s.
2
Calculate the remainder when 259 is divided by 113/((-2)/(-2)) - (-294)/(-49).
45
What is the remainder when 619 is divided by (2/(-8))/(110/(-67320))?
7
Let h be 1 + 155/30 - (-2)/(-12). Let k(r) = -r + 11. What is the remainder when 38 is divided by k(h)?
3
Let m(k) = 3*k + 2. Let o be m(0). Suppose -5 - 5 = -o*u - 4*r, -95 = -5*u + 4*r. What is the remainder when 282 is divided by u?
12
Suppose 0 = -19*p - 4*p + 230. Calculate the remainder when p is divided by 4/(-18)*3*(-16 - -4).
2
Let g = -387 - -441. Calculate the remainder when 1205 is divided by g.
17
Let a = 3983 + -3869. Calculate the remainder when 1938 is divided by a.
0
Let r(w) = w**3 + w**2 + w + 1. Let a be r(-3). Calculate the remainder when 7/(-28) + (-1845)/a is divided by 20.
12
Suppose -13*n + 6*n - 14 = 0. Let w be (-1)/(n/(-4572)) - (-3)/(-1). What is the remainder when (-4)/(-14) + (4 - w/49) is divided by 18?
15
Suppose 28 = -5*k + 178. Suppose 0 = 3*v - k. What is the remainder when -14*(-2)/8*(-41)/((-2870)/300) is divided by v?
5
Suppose -i + 0 = -2*b + 8, -4*i - 5*b = -20. Let j(v) = -7*v + 11. What is the remainder when 38 is divided by j(i)?
5
Calculate the remainder when 44317 is divided by (-18 - -851 - (3 + -1))/((-12)/(-4)).
274
Let v = -1500 + 30889. Calculate the remainder when v is divided by 97.
95
Let t = -6181 - -6220. What is the remainder when 220 is divided by t?
25
Let a(f) = 3*f**2 + 6*f + 6. Let c be a(-3). Let m = -14 + c. Calculate the remainder when 22 is divided by (0 - 6/(-15))/(m/30).
10
Suppose 80 + 30 = 10*g. Suppose -g = 3*f - 260. What is the remainder when f is divided by 31?
21
Let l(j) = 3*j**3 - 2*j**2 + 2*j - 1. Let m be l(3). Let v = m - 116. Let f = v + 87. What is the remainder when f is divided by 7?
4
Let w = -5412 - -5437. Calculate the remainder when 86 is divided by w.
11
Let x = -7 - -14. Suppose -2*n + x = -13. Let u = 3055 - 3052. What is the remainder when n is divided by u?
1
What is the remainder when 185 is divided by 17*(13 + 110/(-10))?
15
Let x = 109 - 90. Calculate the remainder when (((-156)/8)/(-13))/(2/44) is divided by x.
14
Let p = -8 - -60. Suppose 0 = 2*r - 33 + 1. Suppose -r = 4*t - 124. Calculate the remainder when p is divided by t.
25
Suppose -5*j = -4*j - 437. Suppose -u + 191 = -3*h, 5*u - j = 3*u - 5*h. Calculate the remainder when u is divided by 26.
24
Suppose 5*u - 795 = 4*o + 908, 2*o + 849 = 3*u. Let k = o + 488. Calculate the remainder when k is divided by 5.
1
Suppose 3*y - 204 = -3*h, -5*y + 7*y = -6. Calculate the remainder when 293 is divided by h.
9
Let u(z) = -3*z + 56. Let f be u(17). Suppose -j = f - 7. Let q(s) = -s**3 + 21*s**2 + 15. Calculate the remainder when q(21) is divided by j.
1
Suppose -2*a - 175 + 418 + 413 = 0. Calculate the remainder when a is divided by 84.
76
Suppose o + 20 - 32 = 0. Suppose -63 = -5*l + 24*d - 26*d, 5*d - 60 = -5*l. Calculate the remainder when l is divided by o.
1
Suppose 156 = 5*l - 2*p - 265, 0 = -3*l + 3*p + 249. Calculate the remainder when l is divided by (-42 - 30082/(-546)) + (-4)/14*(-12)/(-36).
7
Let g be (-54)/(4/10 + 4/(-20)). What is the remainder when (g/72)/(0 + 4/(-16)) is divided by 2?
1
Let f = 3385 - 3271. What is the remainder when 327 is divided by f?
99
Suppose 5*k = -182*w + 177*w + 305, 0 = 3*w + 15. Calculate the remainder when 78 is divided by k.
12
Suppose 4*j = 4*w - 28, j + 4*j - 5 = 0. Calculate the remainder when (-6)/w*3008/(-48) is divided by 12.
11
Suppose 13 + 32 = -9*c. Let x(s) = -25*s - 109. Calculate the remainder when 49 is divided by x(c).
1
Let a(c) = c + 5*c + 7 + 0 + 10. What is the remainder when a(8) is divided by (-3)/((-6)/(-8)) - (-987)/47?
14
Suppose -123 - 47 = -10*c + 860. Calculate the remainder when c is divided by 11.
4
Let d(b) = 95*b - 9168. Let z(p) = 5*p**2 - 2*p - 3. What is the remainder when d(98) is divided by z(-2)?
16
Suppose -41 = -2*p - 3*u, -p - 362 + 322 = -4*u. Let o(z) = -5*z + 5. Let k be o(-6). Let d = -19 + k. What is the remainder when d is divided by p?
0
Suppose 2*j + 426 = -83*k + 85*k, 2*k = 3*j + 432. Calculate the remainder when k is divided by 114.
93
Suppose 7*n = 24*n - 1870. Suppose -3*b - 9 = 0, -306 = -q - b + n. What is the remainder when q is divided by 30?
29
Let p be 10147/17 + (-82)/(-697). Suppose 313 + p = 10*k. Calculate the remainder when k is divided by 27.
10
Suppose 3*s - 117 = -10*s. Suppose 2*b = v - 342, -2*b + 3 = s. What is the remainder when v is